
In base 7, what is 360200 + -5?
360162
In base 7, what is -4235 - 21?
-4256
In base 2, what is 10110100110101000 + 11?
10110100110101011
In base 6, what is -112 - -3054?
2542
In base 14, what is -5 - 217a?
-2181
In base 9, what is -1 + -2032336?
-2032337
In base 2, what is 11001110 + 1100001110001?
1100100111111
In base 15, what is d190 + -4?
d18b
In base 9, what is 205408 - 3?
205405
In base 10, what is 2683 + 9?
2692
In base 13, what is -101 + 394?
293
In base 14, what is -3b1 - -8a?
-325
In base 12, what is 1ba977 + 4?
1ba97b
In base 12, what is 3 - -3295?
3298
In base 12, what is 4538 - -14?
4550
In base 15, what is 1b5c0 + -b?
1b5b4
In base 11, what is 1173a + 48?
11787
In base 7, what is -103 + 50500?
50364
In base 4, what is 3 + 212213113?
212213122
In base 10, what is -1 + 102210?
102209
In base 9, what is 742 + 156?
1008
In base 6, what is -13 - 5204?
-5221
In base 10, what is 1 - -1744865?
1744866
In base 14, what is 4d + a01?
a50
In base 9, what is -4665 + 46?
-4618
In base 9, what is 543 + 138?
682
In base 2, what is 10011001 + 1100000100001?
1100010111010
In base 14, what is -17c + 181?
3
In base 9, what is 26614 - -1?
26615
In base 5, what is -1 + -1133340?
-1133341
In base 16, what is e83a - -5?
e83f
In base 5, what is -12 - -240244?
240232
In base 11, what is 2872 - 45?
2828
In base 8, what is 5435771 - 3?
5435766
In base 14, what is -3b34 + 10?
-3b24
In base 4, what is -23 + 103313312?
103313223
In base 12, what is 62 - 2298?
-2236
In base 12, what is 844109 - 0?
844109
In base 4, what is -2200 + -3122?
-11322
In base 7, what is -155600 - 23?
-155623
In base 9, what is 108 + 58?
167
In base 7, what is -1 + -5002141?
-5002142
In base 6, what is 1531340 + 4?
1531344
In base 9, what is 2727628 + 3?
2727632
In base 15, what is -5aad - -85?
-5a28
In base 9, what is -108 + -1745?
-1854
In base 5, what is -13 + -1042403?
-1042421
In base 13, what is 29 - b26?
-aca
In base 6, what is 5 - 2124044?
-2124035
In base 6, what is 42245 + 1221?
43510
In base 10, what is -3269 + 3?
-3266
In base 14, what is 1 - 11c43?
-11c42
In base 16, what is -5 - -448cf?
448ca
In base 8, what is -423 + 343?
-60
In base 16, what is 7a2fe - 4?
7a2fa
In base 13, what is 1 - 7b90?
-7b8c
In base 13, what is 6 - 5b8?
-5b2
In base 6, what is 232213 - 15?
232154
In base 7, what is 5325 + -25?
5300
In base 9, what is -5057 - 1?
-5058
In base 5, what is -1241 - 420230?
-422021
In base 7, what is 5 - 3561150?
-3561142
In base 4, what is -10 + -11030231?
-11030301
In base 2, what is 101000110100101001 + 1?
101000110100101010
In base 13, what is 1027 + -31?
cc6
In base 10, what is 202 + -1070?
-868
In base 2, what is 1110111100 + -10110001?
1100001011
In base 6, what is 301512 - 102?
301410
In base 5, what is 20102234 + -32?
20102202
In base 5, what is -3 - -23432?
23424
In base 15, what is -1b + 4612?
45e6
In base 7, what is 16 + -45104?
-45055
In base 3, what is -20 - 2120000010102?
-2120000010122
In base 12, what is 3 - -17ab1?
17ab4
In base 12, what is 52 + -376?
-324
In base 16, what is 0 - c03?
-c03
In base 3, what is 1222112 - -2000201?
11000020
In base 16, what is bf7 - -bd?
cb4
In base 12, what is 214a13 + 4?
214a17
In base 5, what is 10300 - -1433?
12233
In base 5, what is 0 + -1211144?
-1211144
In base 7, what is -36 - -20502?
20433
In base 12, what is -7 + -40b07?
-40b12
In base 5, what is 33144 + 204?
33403
In base 5, what is -21042023 - -2?
-21042021
In base 3, what is 12 - -1122010200?
1122010212
In base 16, what is 3484e - 1?
3484d
In base 9, what is 34023 + -8?
34014
In base 10, what is -958250 - -1?
-958249
In base 12, what is -230 + 303?
93
In base 11, what is 15162 + -5?
15158
In base 15, what is 5076b + 3?
5076e
In base 13, what is 2 - 732a?
-7328
In base 10, what is 682710 + 1?
682711
In base 15, what is 1 - 1ab04?
-1ab03
In base 14, what is 5 + -6d12d?
-6d128
In base 3, what is -10121 - -21000210?
20220012
In base 9, what is 871 + 43?
1024
In base 8, what is -625337 + -1?
-625340
In base 2, what is 1001 - 1000010110110100?
-1000010110101011
In base 2, what is 100111110110001 - -10000?
100111111000001
In base 6, what is -105514 - -2?
-105512
In base 14, what is 2 + 6606?
6608
In base 9, what is -2380 + 18?
-2361
In base 8, what is -532717 - 5?
-532724
In base 8, what is -76 - -104?
6
In base 4, what is 1210 + 211100?
212310
In base 7, what is -4 + -114003?
-114010
In base 5, what is -1 - -11313304?
11313303
In base 6, what is -21 + -331?
-352
In base 3, what is -2 - 121210022?
-121210101
In base 10, what is -349403 + -20?
-349423
In base 12, what is -149 - 191?
-31a
In base 12, what is 3 - 2a93a7?
-2a93a4
In base 2, what is 11010101001 + 11111?
11011001000
In base 12, what is 167120 - -4?
167124
In base 6, what is 103532 + 231?
104203
In base 14, what is -1744 - -a6?
-167c
In base 3, what is -2021 - 20101120?
-20110211
In base 12, what is -966 - -2a5?
-681
In base 16, what is -1 + -2101?
-2102
In base 2, what is 1110100 - -10000100000?
10010010100
In base 7, what is 15650046 - 2?
15650044
In base 11, what is 157 - -2138?
2294
In base 4, what is -1303000 + -1?
-1303001
In base 10, what is -24 - -38948?
38924
In base 3, what is -1 - 102110022?
-102110100
In base 2, what is -10000101101000000 - 10?
-10000101101000010
In base 3, what is 101222120020221 - 12?
101222120020202
In base 2, what is 110010 - 11010001000?
-11001010110
In base 4, what is 300313 + 11?
300330
In base 4, what is 12231 - -302?
13133
In base 16, what is -15 - -1d0?
1bb
In base 8, what is -17 - -1743?
1724
In base 12, what is 61a0 - 10?
6190
In base 5, what is -41400 + -1211?
-43111
In base 15, what is -1ba - -62?
-158
In base 6, what is 4 - 403303?
-403255
In base 7, what is 205 - 45033?
-44525
In base 6, what is 523 - 22235?
-21312
In base 13, what is 2198 - 3?
2195
In base 5, what is -10 + 320223?
320213
In base 4, what is 302221 - 31?
302130
In base 8, what is 706217 + -4?
706213
In base 7, what is 2064534 - -2?
2064536
In base 13, what is -8 - 3c1ca?
-3c205
In base 13, what is -a - 14980?
-1498a
In base 3, what is -122110 + 211111?
12001
In base 10, what is 2943 + 19?
2962
In base 16, what is 1eb - -1b0?
39b
In base 5, what is 14 - 223434?
-223420
In base 2, what is 101 + -1010010000110?
-1010010000001
In base 7, what is -4114 + -63?
-4210
In base 9, what is -250736 + 7?
-250728
In base 15, what is 264 - -4?
268
In base 9, what is 86020 + 2?
86022
In base 2, what is -10000110111101000101 + 0?
-10000110111101000101
In base 7, what is -6 + 46301?
46262
In base 14, what is -a988 + -1?
-a989
In base 7, what is -3 - 304543?
-304546
In base 10, what is -24819 + 5?
-24814
In base 12, what is -5 - 36320?
-36325
In base 6, what is 33234 - -21?
33255
In base 2, what is -101 - 111101001?
-111101110
In base 8, what is 5 + 126163?
126170
In base 15, what is -1e0 + 1a?
-1c5
In base 5, what is 423 - 1432?
-1004
In base 16, what is 38ea - ac?
383e
In base 14, what is -5 + 171d18?
171d13
In base 3, what is 10112 - 2111200?
-2101011
In base 14, what is -2d2c - -220?
-2b0c
In base 13, what is -291a + -139?
-2a56
In base 11, what is -4820 + -4?
-4824
In base 10, what is -104550 + 1?
-104549
In base 10, what is -194970 - -2?
-194968
In base 7, what is 13034 + 2?
13036
In base 13, what is -377515 + -3?
-377518
In base 9, what is 1883572 - 0?
1883572
In base 14, what is -4 - -bac4?
bac0
In base 5, what is -231 + -123?
-404
In base 16, what is a + -a9029?
-a901f
In base 6, what is -15 + -10004301?
-10004320
In base 10, what is -18 + 280428?
280410
In base 16, what is -4a22 + 4?
-4a1e
In base 10, what is 4 - 1642?
-1638
In base 4, what is 333312 + 1131?
1001103
In base 11, what is 0 - 11429?
-11429
In base 6, what is -51152 - -1?
-51151
In base 3, what is 0 + 20110?
20110
In base 2, what is 1100111000100 - 1?
1100111000011
In base 12, what is -37 + 78?
41
In base 15, what is -3ad43 + 2?
-3ad41
In base 12, what is 21b - -72?
291
In base 14, what is 44635 + -1?
44634
In base 14, what is -176 - 89?
-221
In base 13, what is 7c95 + 15?
7caa
In base 15, what is 4758 + -5?
4753
In base 2, what is -1000111011 - -10000011?
-110111000
In base 11, what is 1 + 9a38?
9a39
In base 10, what is 4067 - -290?
4357
In base 7, what is -604463 + 5?
-604455
In base 9, what is -5 + -114764?
-114770
In base 16, what is 